{"id":69,"date":"2019-02-26T23:58:49","date_gmt":"2019-02-26T22:58:49","guid":{"rendered":"http:\/\/cd50petanque.fr\/?page_id=69"},"modified":"2026-04-11T15:47:48","modified_gmt":"2026-04-11T13:47:48","slug":"hestia-front","status":"publish","type":"page","link":"https:\/\/cd50petanque.fr\/","title":{"rendered":"Accueil"},"content":{"rendered":"<h1><span style=\"color: #000080;\"><strong>Les infos du comit\u00e9<\/strong><\/span><\/h1>\n<p><span style=\"color: #800080;\"><strong>&#8211;&gt; <\/strong><\/span><span style=\"color: #800080;\"><strong>Coupes 2026 : \n<table id=\"tablepress-23\" class=\"tablepress tablepress-id-23\">\n<thead>\n<tr class=\"row-1 odd\">\n\t<th class=\"column-1\">Manche senior<\/th><th class=\"column-2\">Manche v\u00e9t\u00e9ran<\/th><th class=\"column-3\">France<\/th>\n<\/tr>\n<\/thead>\n<tbody class=\"row-hover\">\n<tr class=\"row-2 even\">\n\t<td class=\"column-1\">Tirage 2eme tour <a href=\"https:\/\/cd50petanque.fr\/wp-content\/uploads\/2026\/04\/2eme_tour_coupe_Manche_senior_district_nord_2026.pdf\" rel=\"noopener\" target=\"_blank\">Nord<\/a> - <a href=\"https:\/\/cd50petanque.fr\/wp-content\/uploads\/2026\/04\/2eme_tour_coupe_Manche_senior_district_sud_2026.pdf\" rel=\"noopener\" target=\"_blank\">Sud<\/a><\/td><td class=\"column-2\"><a href=\"https:\/\/cd50petanque.fr\/wp-content\/uploads\/2026\/03\/1er_tour_coupe_Manche_veteran_2026.pdf\" rel=\"noopener\" target=\"_blank\">Tirage 1er tour<\/a><\/td><td class=\"column-3\"><a href=\"https:\/\/cd50petanque.fr\/wp-content\/uploads\/2026\/04\/2eme_tour_coupe_France_2026.pdf\" rel=\"noopener\" target=\"_blank\">Tirage 2eme tour<\/a><\/td>\n<\/tr>\n<tr class=\"row-3 odd\">\n\t<td class=\"column-1\">R\u00e9sultats <a href=\"https:\/\/cd50petanque.fr\/wp-content\/uploads\/2026\/04\/Resultats_1er_tour_coupe_Manche_senior_district_nord_2026.pdf\" rel=\"noopener\" target=\"_blank\">Nord<\/a> - <a href=\"https:\/\/cd50petanque.fr\/wp-content\/uploads\/2026\/04\/Resultast_1er_tour_coupe_Manche_senior_district_sud_2026.pdf\" rel=\"noopener\" target=\"_blank\">Sud<\/a><\/td><td class=\"column-2\">R\u00e9sultats<\/td><td class=\"column-3\"><a href=\"https:\/\/cd50petanque.fr\/wp-content\/uploads\/2026\/04\/Resultast_1er_tour_coupe_France_2026.pdf\" rel=\"noopener\" target=\"_blank\">R\u00e9sultats<\/a><\/td>\n<\/tr>\n<\/tbody>\n<\/table>\n<!-- #tablepress-23 from cache --> &#8211; Mise \u00e0 jour 10\/04\/2026<\/strong><\/span><\/p>\n<p><span style=\"color: #800080;\"><strong>&#8211;&gt; <\/strong><\/span><span style=\"color: #800080;\"><strong>CDC 2026 : \n<table id=\"tablepress-22\" class=\"tablepress tablepress-id-22\">\n<thead>\n<tr class=\"row-1 odd\">\n\t<th class=\"column-1\">CDC <\/th><th class=\"column-2\">R\u00e9sultats<\/th><th class=\"column-3\">Calendrier<\/th><th class=\"column-4\">Lieux<\/th>\n<\/tr>\n<\/thead>\n<tbody class=\"row-hover\">\n<tr class=\"row-2 even\">\n\t<td class=\"column-1\">F\u00e9minine<\/td><td class=\"column-2\"><a href=\"https:\/\/cd50petanque.fr\/wp-content\/uploads\/2026\/04\/Resultats_CDC_feminines_2026.pdf\" rel=\"noopener\" target=\"_blank\">R\u00e9sultats<\/a><\/td><td class=\"column-3\"><a href=\"https:\/\/cd50petanque.fr\/wp-content\/uploads\/2026\/02\/Calendrier_CDC_feminine_206.pdf\" rel=\"noopener\" target=\"_blank\">Calendrier<\/a><\/td><td class=\"column-4\"><a href=\"https:\/\/cd50petanque.fr\/wp-content\/uploads\/2026\/02\/Lieux_CDC.pdf\" rel=\"noopener\" target=\"_blank\">Lieux<\/a><\/td>\n<\/tr>\n<tr class=\"row-3 odd\">\n\t<td class=\"column-1\">V\u00e9t\u00e9ran<\/td><td class=\"column-2\"><a href=\"https:\/\/cd50petanque.fr\/wp-content\/uploads\/2026\/04\/Resultats_CDC_veterans_2026.pdf\" rel=\"noopener\" target=\"_blank\">R\u00e9sultats<\/a><\/td><td class=\"column-3\"><a href=\"https:\/\/cd50petanque.fr\/wp-content\/uploads\/2026\/02\/Calendrier_CDC_veteran_2026.pdf\" rel=\"noopener\" target=\"_blank\">Calendrier<\/a><\/td><td class=\"column-4\"><a href=\"https:\/\/cd50petanque.fr\/wp-content\/uploads\/2026\/02\/Lieux_CDC.pdf\" rel=\"noopener\" target=\"_blank\">Lieux<\/a><\/td>\n<\/tr>\n<tr class=\"row-4 even\">\n\t<td class=\"column-1\">Masculin<\/td><td class=\"column-2\"><a href=\"https:\/\/cd50petanque.fr\/wp-content\/uploads\/2026\/04\/Resultats_CDC_senior_2026.pdf\" rel=\"noopener\" target=\"_blank\">R\u00e9sultats<\/a><\/td><td class=\"column-3\"><a href=\"https:\/\/cd50petanque.fr\/wp-content\/uploads\/2026\/02\/Calendrier_CDC_masculin_2026.pdf\" rel=\"noopener\" target=\"_blank\">Calendrier<\/a><\/td><td class=\"column-4\"><a href=\"https:\/\/cd50petanque.fr\/wp-content\/uploads\/2026\/02\/Lieux_CDC.pdf\" rel=\"noopener\" target=\"_blank\">Lieux<\/a><\/td>\n<\/tr>\n<\/tbody>\n<\/table>\n<!-- #tablepress-22 from cache --> &#8211; Mise \u00e0 jour 10\/04\/2026<\/strong><\/span><\/p>\n<p><span style=\"color: #800080;\"><strong>&#8211;&gt; <\/strong><\/span><span style=\"color: #800080;\"><strong>Championnats 2026 : \n<table id=\"tablepress-21\" class=\"tablepress tablepress-id-21\">\n<thead>\n<tr class=\"row-1 odd\">\n\t<th class=\"column-1\">Championnat<\/th><th class=\"column-2\">Inscrits<\/th><th class=\"column-3\">Tirage<br \/>\nR\u00e9sultats<\/th><th class=\"column-4\">Lieu<\/th><th class=\"column-5\">Date<\/th>\n<\/tr>\n<\/thead>\n<tbody class=\"row-hover\">\n<tr class=\"row-2 even\">\n\t<td class=\"column-1\">T\u00eate \u00e0 t\u00eate provencal <\/td><td class=\"column-2\"><a href=\"https:\/\/cd50petanque.fr\/wp-content\/uploads\/2026\/Page_Inscrits_CHAMP__T__A__T__PROVENCAL__2026.html\" rel=\"noopener\" target=\"_blank\">Liste<\/a><\/td><td class=\"column-3\"><a href=\"https:\/\/cd50petanque.fr\/wp-content\/uploads\/2026\/Page_Rslt_CHAMP__T__A__T__PROVENCAL__2026.html\" rel=\"noopener\" target=\"_blank\">R\u00e9sultats<\/a><\/td><td class=\"column-4\">Agneaux<\/td><td class=\"column-5\">15 mars<\/td>\n<\/tr>\n<tr class=\"row-3 odd\">\n\t<td class=\"column-1\">Trip promotion<\/td><td class=\"column-2\"><a href=\"https:\/\/cd50petanque.fr\/wp-content\/uploads\/2026\/Page_Inscrits_CHAMP__TRI__PROMOTION__2026.html\" target=\"_blank\" rel=\"noopener noreferrer\">Liste<\/a><\/td><td class=\"column-3\"><a href=\"https:\/\/cd50petanque.fr\/wp-content\/uploads\/2026\/Page_Rslt_CHAMP__TRI__PROMOTION__2026.html\" target=\"_blank\" rel=\"noopener noreferrer\">R\u00e9sultats<\/a><\/td><td class=\"column-4\">Tourlaville<\/td><td class=\"column-5\">21\/22 mars<\/td>\n<\/tr>\n<tr class=\"row-4 even\">\n\t<td class=\"column-1\">T\u00eate \u00e0 T\u00eate jeunes<\/td><td class=\"column-2\"><\/td><td class=\"column-3\"><a href=\"https:\/\/cd50petanque.fr\/wp-content\/uploads\/2026\/03\/CHamp_jeunes_tat_2026.pdf\" rel=\"noopener\" target=\"_blank\">tirage<\/a><\/td><td class=\"column-4\">Tourlaville <\/td><td class=\"column-5\">21\/22 mars<\/td>\n<\/tr>\n<tr class=\"row-5 odd\">\n\t<td class=\"column-1\">T\u00eate \u00e0 t\u00eate masculin<\/td><td class=\"column-2\"><a href=\"https:\/\/cd50petanque.fr\/wp-content\/uploads\/2026\/Page_Inscrits_CHAMP__T__A__T__MASCULIN__2026.html\" target=\"_blank\" rel=\"noopener noreferrer\">Liste<\/a><\/td><td class=\"column-3\"><a href=\"https:\/\/cd50petanque.fr\/wp-content\/uploads\/2026\/Page_Rslt_CHAMP__T__A__T__MASCULIN__2026.html\" target=\"_blank\" rel=\"noopener noreferrer\">R\u00e9sultats<\/a><\/td><td class=\"column-4\">St-Hilaire<\/td><td class=\"column-5\">28\/29 mars<\/td>\n<\/tr>\n<tr class=\"row-6 even\">\n\t<td class=\"column-1\">Doub f\u00e9minine<\/td><td class=\"column-2\"><a href=\"https:\/\/cd50petanque.fr\/wp-content\/uploads\/2026\/Page_Inscrits_CHAMP__DOU__FEMININE__2026.html\" target=\"_blank\" rel=\"noopener noreferrer\">Liste<\/a><\/td><td class=\"column-3\"><a href=\"https:\/\/cd50petanque.fr\/wp-content\/uploads\/2026\/Page_Rslt_CHAMP__DOU__FEMININE__2026.html\" target=\"_blank\" rel=\"noopener noreferrer\">R\u00e9sultats<\/a><\/td><td class=\"column-4\">St-Hilaire<\/td><td class=\"column-5\">29 mars<\/td>\n<\/tr>\n<tr class=\"row-7 odd\">\n\t<td class=\"column-1\">Trip proven\u00e7al<\/td><td class=\"column-2\"><a href=\"https:\/\/cd50petanque.fr\/wp-content\/uploads\/2026\/Page_Inscrits_CHAMP__TRI__PROVENCAL__2026.html\" target=\"_blank\" rel=\"noopener noreferrer\">Liste<\/a><\/td><td class=\"column-3\"><a href=\"https:\/\/cd50petanque.fr\/wp-content\/uploads\/2026\/Page_Rslt_CHAMP__TRI__PROVENCAL__2026.html\" target=\"_blank\" rel=\"noopener noreferrer\">R\u00e9sultats<\/a><\/td><td class=\"column-4\">OHS<\/td><td class=\"column-5\">04\/05 avril<\/td>\n<\/tr>\n<tr class=\"row-8 even\">\n\t<td class=\"column-1\">Triplette masculin<\/td><td class=\"column-2\"><a href=\"https:\/\/cd50petanque.fr\/wp-content\/uploads\/2026\/Page_Inscrits_CHAMP__TRI__MASCULIN__2026.html\" target=\"_blank\" rel=\"noopener noreferrer\">Liste<\/a><\/td><td class=\"column-3\"><a href=\"https:\/\/cd50petanque.fr\/wp-content\/uploads\/2026\/Page_Rslt_CHAMP__TRI__MASCULIN__2026.html\" target=\"_blank\" rel=\"noopener noreferrer\">R\u00e9sultats<\/a><\/td><td class=\"column-4\">Saint-L\u00f4<\/td><td class=\"column-5\">11\/12 avril<\/td>\n<\/tr>\n<tr class=\"row-9 odd\">\n\t<td class=\"column-1\">Triplette f\u00e9minine<\/td><td class=\"column-2\"><a href=\"https:\/\/cd50petanque.fr\/wp-content\/uploads\/2026\/Page_Inscrits_CHAMP__TRI__FEMININE__2026.html\" target=\"_blank\" rel=\"noopener noreferrer\">Liste<\/a><\/td><td class=\"column-3\"><a href=\"https:\/\/cd50petanque.fr\/wp-content\/uploads\/2026\/Page_Rslt_CHAMP__TRI__FEMININE__2026.html\" target=\"_blank\" rel=\"noopener noreferrer\">R\u00e9sultats<\/a><\/td><td class=\"column-4\">Saint-L\u00f4<\/td><td class=\"column-5\">12 avril<\/td>\n<\/tr>\n<tr class=\"row-10 even\">\n\t<td class=\"column-1\">Trip jeunes<\/td><td class=\"column-2\"><\/td><td class=\"column-3\"><a href=\"https:\/\/cd50petanque.fr\/wp-content\/uploads\/2026\/04\/Tirage_trip_jeunes_2026.pdf\" rel=\"noopener\" target=\"_blank\">tirage<\/a><\/td><td class=\"column-4\">Saint-L\u00f4<\/td><td class=\"column-5\">12 avril<\/td>\n<\/tr>\n<tr class=\"row-11 odd\">\n\t<td class=\"column-1\">Doub mixte<\/td><td class=\"column-2\"><a href=\"https:\/\/cd50petanque.fr\/wp-content\/uploads\/2026\/Page_Inscrits_CHAMP__DOU__MIXTE__SENIOR.html\" target=\"_blank\" rel=\"noopener noreferrer\">Liste<\/a><\/td><td class=\"column-3\"><a href=\"https:\/\/cd50petanque.fr\/wp-content\/uploads\/2026\/Page_Rslt_CHAMP__DOU__MIXTE__SENIOR.html\" target=\"_blank\" rel=\"noopener noreferrer\">R\u00e9sultats<\/a><\/td><td class=\"column-4\">Sainteny<\/td><td class=\"column-5\">18\/19 avril<\/td>\n<\/tr>\n<tr class=\"row-12 even\">\n\t<td class=\"column-1\">Trip v\u00e9t\u00e9ran<\/td><td class=\"column-2\"><a href=\"https:\/\/cd50petanque.fr\/wp-content\/uploads\/2026\/Page_Inscrits_CHAMP__TRI__VETERAN__2026.html\" target=\"_blank\" rel=\"noopener noreferrer\">Liste<\/a><\/td><td class=\"column-3\"><a href=\"https:\/\/cd50petanque.fr\/wp-content\/uploads\/2026\/Page_Rslt_CHAMP__TRI__VETERAN__2026.html\" target=\"_blank\" rel=\"noopener noreferrer\">R\u00e9sultats<\/a><\/td><td class=\"column-4\">Lessay<\/td><td class=\"column-5\">22\/23 avril<\/td>\n<\/tr>\n<tr class=\"row-13 odd\">\n\t<td class=\"column-1\">Dou senior<\/td><td class=\"column-2\"><a href=\"https:\/\/cd50petanque.fr\/wp-content\/uploads\/2026\/Page_Inscrits_CHAMP__DOU__MASCULINE__2026.html\" target=\"_blank\" rel=\"noopener noreferrer\">Liste<\/a><\/td><td class=\"column-3\"><a href=\"https:\/\/cd50petanque.fr\/wp-content\/uploads\/2026\/Page_Rslt_CHAMP__DOU__MASCULINE__2026.html\" target=\"_blank\" rel=\"noopener noreferrer\">R\u00e9sultats<\/a><\/td><td class=\"column-4\">OHS<\/td><td class=\"column-5\">25\/26 avril<\/td>\n<\/tr>\n<tr class=\"row-14 even\">\n\t<td class=\"column-1\">T\u00eate \u00e0 t\u00eate f\u00e9minine<\/td><td class=\"column-2\"><a href=\"https:\/\/cd50petanque.fr\/wp-content\/uploads\/2026\/Page_Inscrits_CHAMP__T__A__T__FEMININE__2026.html\" target=\"_blank\" rel=\"noopener noreferrer\">Liste<\/a><\/td><td class=\"column-3\"><a href=\"https:\/\/cd50petanque.fr\/wp-content\/uploads\/2026\/Page_Rslt_CHAMP__T__A__T__FEMININE__2026.html\" target=\"_blank\" rel=\"noopener noreferrer\">R\u00e9sultats<\/a><\/td><td class=\"column-4\">OHS<\/td><td class=\"column-5\">26 avril<\/td>\n<\/tr>\n<tr class=\"row-15 odd\">\n\t<td class=\"column-1\">Trip mixte senior<\/td><td class=\"column-2\"><a href=\"https:\/\/cd50petanque.fr\/wp-content\/uploads\/2026\/Page_Inscrits_CHAMP__TRIPLETTE__MIXTE__SENIOR.html\" target=\"_blank\" rel=\"noopener noreferrer\">Liste<\/a><\/td><td class=\"column-3\"><a href=\"https:\/\/cd50petanque.fr\/wp-content\/uploads\/2026\/Page_Rslt_CHAMP__TRIPLETTE__MIXTE__SENIOR.html\" target=\"_blank\" rel=\"noopener noreferrer\">R\u00e9sultats<\/a><\/td><td class=\"column-4\">Agneaux<\/td><td class=\"column-5\">02\/03 mai<\/td>\n<\/tr>\n<tr class=\"row-16 even\">\n\t<td class=\"column-1\">Doub proven\u00e7al<\/td><td class=\"column-2\"><a href=\"https:\/\/cd50petanque.fr\/wp-content\/uploads\/2026\/Page_Inscrits_CHAMP__DOU__PROVENCAL__2026.html\" rel=\"noopener\" target=\"_blank\">Liste<\/a><\/td><td class=\"column-3\"><a href=\"https:\/\/cd50petanque.fr\/wp-content\/uploads\/2026\/Page_Rslt_CHAMP__DOU__PROVENCAL__2026.html\" target=\"_blank\" rel=\"noopener noreferrer\">R\u00e9sultats<\/a><\/td><td class=\"column-4\">Agneaux<\/td><td class=\"column-5\">09\/10 mai<\/td>\n<\/tr>\n<\/tbody>\n<\/table>\n<!-- #tablepress-21 from cache --><\/strong><\/span><\/p>\n<p><span style=\"color: #800080;\"><strong>&#8211;&gt; <a href=\"https:\/\/cd50petanque.fr\/wp-content\/uploads\/2026\/02\/Calendrier_2026_CD50.pdf\" target=\"_blank\" rel=\"noopener\">Calendrier 2026<\/a><\/strong><\/span><\/p>\n<p><span style=\"color: #800080;\"><strong>&#8211;&gt; <\/strong><\/span><span style=\"color: #800080;\"><strong>Joueurs <a href=\"https:\/\/cd50petanque.fr\/wp-content\/uploads\/2026\/02\/Liste_joueurs_honneurs2026.pdf\" target=\"_blank\" rel=\"noopener\">Honneurs<\/a> &amp; <a href=\"https:\/\/cd50petanque.fr\/wp-content\/uploads\/2026\/02\/Liste_joueurs_elite2026.pdf\" target=\"_blank\" rel=\"noopener\">Elites<\/a> 2026\u00a0<\/strong><\/span><\/p>\n<p>&nbsp;<\/p>\n","protected":false},"excerpt":{"rendered":"<p>Les infos du comit\u00e9 &#8211;&gt; Coupes 2026 : &#8211; Mise \u00e0 jour 10\/04\/2026 &#8211;&gt; CDC 2026 : &#8211; Mise \u00e0 jour 10\/04\/2026 &#8211;&gt; Championnats 2026 : &#8211;&gt; Calendrier 2026 &#8211;&gt; Joueurs Honneurs &amp; Elites 2026\u00a0 &nbsp;<\/p>\n","protected":false},"author":1,"featured_media":0,"parent":0,"menu_order":0,"comment_status":"closed","ping_status":"closed","template":"","meta":[],"_links":{"self":[{"href":"https:\/\/cd50petanque.fr\/index.php?rest_route=\/wp\/v2\/pages\/69"}],"collection":[{"href":"https:\/\/cd50petanque.fr\/index.php?rest_route=\/wp\/v2\/pages"}],"about":[{"href":"https:\/\/cd50petanque.fr\/index.php?rest_route=\/wp\/v2\/types\/page"}],"author":[{"embeddable":true,"href":"https:\/\/cd50petanque.fr\/index.php?rest_route=\/wp\/v2\/users\/1"}],"replies":[{"embeddable":true,"href":"https:\/\/cd50petanque.fr\/index.php?rest_route=%2Fwp%2Fv2%2Fcomments&post=69"}],"version-history":[{"count":524,"href":"https:\/\/cd50petanque.fr\/index.php?rest_route=\/wp\/v2\/pages\/69\/revisions"}],"predecessor-version":[{"id":3560,"href":"https:\/\/cd50petanque.fr\/index.php?rest_route=\/wp\/v2\/pages\/69\/revisions\/3560"}],"wp:attachment":[{"href":"https:\/\/cd50petanque.fr\/index.php?rest_route=%2Fwp%2Fv2%2Fmedia&parent=69"}],"curies":[{"name":"wp","href":"https:\/\/api.w.org\/{rel}","templated":true}]}}