{"id":107,"date":"2019-03-06T23:28:52","date_gmt":"2019-03-06T22:28:52","guid":{"rendered":"http:\/\/cd50petanque.fr\/?page_id=107"},"modified":"2019-03-06T23:28:52","modified_gmt":"2019-03-06T22:28:52","slug":"championnat-departemental-des-clubs","status":"publish","type":"page","link":"https:\/\/cd50petanque.fr\/?page_id=107","title":{"rendered":"Championnat D\u00e9partemental des Clubs"},"content":{"rendered":"<p>Un club &#8211; 6 joueurs &#8211; 6 t\u00eate \u00e0 t\u00eate, 3 doublettes et 2 triplettes<\/p>\n","protected":false},"excerpt":{"rendered":"<p>Un club &#8211; 6 joueurs &#8211; 6 t\u00eate \u00e0 t\u00eate, 3 doublettes et 2 triplettes<\/p>\n","protected":false},"author":1,"featured_media":0,"parent":0,"menu_order":0,"comment_status":"closed","ping_status":"closed","template":"","meta":[],"_links":{"self":[{"href":"https:\/\/cd50petanque.fr\/index.php?rest_route=\/wp\/v2\/pages\/107"}],"collection":[{"href":"https:\/\/cd50petanque.fr\/index.php?rest_route=\/wp\/v2\/pages"}],"about":[{"href":"https:\/\/cd50petanque.fr\/index.php?rest_route=\/wp\/v2\/types\/page"}],"author":[{"embeddable":true,"href":"https:\/\/cd50petanque.fr\/index.php?rest_route=\/wp\/v2\/users\/1"}],"replies":[{"embeddable":true,"href":"https:\/\/cd50petanque.fr\/index.php?rest_route=%2Fwp%2Fv2%2Fcomments&post=107"}],"version-history":[{"count":1,"href":"https:\/\/cd50petanque.fr\/index.php?rest_route=\/wp\/v2\/pages\/107\/revisions"}],"predecessor-version":[{"id":108,"href":"https:\/\/cd50petanque.fr\/index.php?rest_route=\/wp\/v2\/pages\/107\/revisions\/108"}],"wp:attachment":[{"href":"https:\/\/cd50petanque.fr\/index.php?rest_route=%2Fwp%2Fv2%2Fmedia&parent=107"}],"curies":[{"name":"wp","href":"https:\/\/api.w.org\/{rel}","templated":true}]}}